. Let l(g) be the first derivative of o(g). Is l(4) a prime number?
False
Suppose -q - 9630 = -4*q. Suppose -2664 = -3*s + i, 0 = -4*s + 3*i + q + 337. Is s composite?
True
Suppose -5*a - 4*l = -a - 54692, -5*a - l + 68349 = 0. Is a composite?
False
Let k(u) = u + 225. Let t be k(0). Is 17/(-2 - t/(-111)) a prime number?
False
Let r = -35356 + 51849. Is r prime?
True
Let j(a) = -a**3 - 7*a**2 - 10*a. Let l be j(-5). Suppose l = -4*i - 4*x + 720, 3*x = -x + 12. Is i prime?
False
Suppose -11 - 1001 = -2*l. Suppose 0 = -2*j - s + l, -s = -3*j + 2*j + 247. Is j prime?
True
Suppose 0 = -9*m + 4*m. Suppose 4*j + q + 45 = -m*j, -15 = 2*j - q. Let v(i) = i**3 + 13*i**2 + 4*i - 3. Is v(j) a composite number?
False
Let z be 2 + -1 - 2 - -5. Let f(u) = 120*u - 18. Let q be f(-11). Is (-2)/3*q/z composite?
False
Suppose 5*z - 14 = -2*g, 2*g + 0*z = -4*z + 12. Suppose -3*k + k + 1667 = 3*y, 0 = y + g*k - 553. Is y a composite number?
False
Let j = -1055 - -1531. Suppose 6*i = 7*i - 5. Suppose -n + i*n = j. Is n composite?
True
Suppose 10 = -0*h - 5*h. Let g be 57/((-12)/64*h). Suppose -g = -4*k + 588. Is k a prime number?
False
Let j = -54 - -39. Let p(v) = -v**3 - 12*v**2 + 37*v + 11. Is p(j) a composite number?
False
Suppose -3*a - 18*a = -140091. Is a a prime number?
False
Let w = -9019 + 12632. Is w composite?
False
Let k be (-4)/6*(0 + 6)*-1. Suppose -b - 3*j = -1163, -2*b - 603 + 2921 = k*j. Is b a prime number?
True
Suppose -2*w + 4*p = -0*p + 6, 0 = -3*p + 12. Suppose -3*k + k = g - 1393, -3*g + w*k = -4212. Is g prime?
True
Let t(m) = -25*m - 16. Let j be t(-4). Suppose -396 = -2*b - 4*y, -272 + j = -b + 3*y. Is b composite?
True
Let x(d) = 7*d**3 - 9*d**2 - 29*d + 8. Let o(v) = 3*v**3 - 4*v**2 - 14*v + 4. Let f(k) = -9*o(k) + 4*x(k). Is f(7) a prime number?
True
Let z = -18 + 23. Suppose 85 = z*y - 0*b + 2*b, 0 = -y - 5*b + 17. Let v(t) = t**2 + 6*t - 24. Is v(y) a prime number?
True
Let q(c) = 2*c**3 + 7*c**2 - 5*c - 10. Let w be q(6). Let b = w + -202. Suppose -3*t + 2389 = -2*a, t - 4*a = b + 351. Is t a prime number?
True
Suppose 3586 = -4*t + 14858. Suppose -t + 18051 = 3*o - s, -o = 2*s - 5073. Is o a prime number?
True
Let f(h) = -h + 18. Let y be f(7). Is y + 1370 + (-2 - -6) prime?
False
Let y(u) = 5*u**3 + u**2 + 2*u - 7. Let h be y(5). Suppose -h - 359 = -4*d. Is d prime?
False
Suppose -4 = -g + 2*g. Let v be g/(-16) + (-22)/(-8). Is 259 + -2 + 0/v prime?
True
Suppose -4 = 76*z - 74*z. Is 0 - (-1544 - (1 + z)) composite?
False
Let n = 78 + 64. Suppose -v - 4*q + q + n = 0, -2*v = -3*q - 239. Is v a composite number?
False
Is ((-3449127)/(-1045))/((-6)/(-10)) a prime number?
True
Suppose 34*h = 28*h + 73302. Is h prime?
False
Suppose -2*q + 7*q = 0. Suppose -u - 8 - 5 = q. Let k = 17 + u. Is k a composite number?
True
Let r(s) = 35*s**2 - 11*s - 79. Is r(22) composite?
False
Let i(a) = a**3 - 10*a**2 - 11*a - 6. Let q be i(11). Let f(t) = t**2 + 6*t + 6. Let p be f(q). Suppose -16 - p = -2*y. Is y prime?
True
Let z = -21 - -25. Suppose z*w - 27 + 15 = 0. Suppose 3*r = -w*x + 240, -202 = 4*r - 5*x - 540. Is r a composite number?
True
Suppose 0 = z - 5*z + 20. Let w(k) = -k**2 + 5*k + 5. Let x be w(z). Suppose 132 = x*p - p. Is p a prime number?
False
Let j be (-110)/(-14) - 5/(-35). Suppose 4*q = -3*z + 28, 0*z - z + 3*q = j. Is 2*(z - (-345)/2) composite?
False
Suppose -30 = -6*h - 18. Is (955 - -55) + h + -1 + -2 a prime number?
True
Suppose -3*o - n + 363 + 2985 = 0, 4*n - 4472 = -4*o. Is o a composite number?
True
Suppose -3*a + 24 = 5*t - 6, -4*t + 27 = 3*a. Suppose -18 = -3*j - a*n + 361, 0 = 3*n - 15. Is j composite?
True
Suppose 32*x = 30*x + 4*t + 34006, x - 4*t = 16995. Is x a prime number?
True
Let f(t) = -8677*t + 104. Is f(-3) prime?
False
Suppose 5410 + 3280 = 10*x. Is x a composite number?
True
Let o(c) = -c**2 - 26*c - 12. Let p be o(-25). Suppose p*j + 7377 = 16*j. Is j composite?
False
Let n(x) = x**3 - 11*x**2 + 19*x - 9. Let b be n(9). Is 1446/2 + b*(-1)/(-5) a prime number?
False
Let z = 34074 + -8207. Is z prime?
True
Let z(w) = -w - 5. Let k be z(-7). Suppose -3*a = k*a - 1525. Is a composite?
True
Let z(a) = a**3 + 4*a**2 - 14*a - 9. Let l be z(-6). Suppose -3*k + 2*m = -2769, 4*m = 2*k - l*k + 909. Is k a composite number?
True
Suppose -3*u + 3*o = -2*u + 5, 2*u = 4*o - 4. Is (0 - 797/(-2))*(-2 + u) prime?
True
Let u be (-3)/6*(3 + -39). Suppose u = 3*z - 0*z. Suppose 170 = -v + z*v. Is v prime?
False
Suppose -6*z + 5*z = -1381. Suppose 3*u - z = 1598. Is u a prime number?
False
Let d = 4373 + -2976. Is d a composite number?
True
Suppose -329 = -3*g + 2*g. Is g - 3*(-4)/6 a prime number?
True
Suppose -c + 2*b + 0 - 4 = 0, 2*b - 16 = -2*c. Suppose -2*a = -c*l - 3012 + 340, 2667 = 2*a - 5*l. Is a a prime number?
False
Suppose 0 = 5*w - 15 - 15. Let h = w - -1. Let z(y) = 3*y**2 - 7*y - 1. Is z(h) a prime number?
True
Suppose 0 = 2*c - 0*c + 762. Suppose 5*i + 72 = 52. Is c/(-2)*i/(-6) composite?
False
Suppose -4*u + 5*n + 1827 = 0, 115 = -u - n + 565. Suppose 16 = -2*w + 10*w. Suppose -w*o + 397 = c, 4*o + u = -3*c + 1640. Is c a composite number?
True
Let d(p) = -225*p - 12. Let v be d(-17). Suppose -5*n - h - v = 0, 4*n - 5*h + 2108 = -925. Let l = -365 - n. Is l a prime number?
True
Suppose 0 = -q + 41 + 179. Let p = q + 313. Is p prime?
False
Let b(x) = -94*x + 13. Let s be -14 - 3*(-2)/3. Is b(s) a composite number?
True
Is (-6518)/(-4)*10/5 a composite number?
False
Suppose -2*b + b + 32 = 0. Let s be 801/(12/b*2). Suppose 0 = -5*c + 1687 + s. Is c composite?
True
Is (6502/8)/(-6*3/(-72)) composite?
False
Let m be ((-6)/(-4))/(9/12). Suppose -w - x = 4*x - 245, m*x = 2*w - 538. Is w a composite number?
True
Let w(t) = 2*t**2 + 5*t**2 + 15 + t**3 + 4*t**2. Let m = -249 - -238. Is w(m) prime?
False
Suppose 1 = 8*y - 15. Suppose y*t = -4*t + 9822. Is t prime?
True
Suppose 0 = -2*n + 24. Suppose -3*w - 3*t - 9 = 0, -2*w - 15 = -7*w + 5*t. Suppose n*l - 13*l + 59 = w. Is l a prime number?
True
Let l(h) = 2055*h + 201. Is l(6) a composite number?
True
Suppose -2*a - 3*t = -46745, 40677 + 6033 = 2*a - 4*t. Is a composite?
True
Is ((-333)/45)/(11/(-715)) a prime number?
False
Let b(l) = -15*l**3 - 2*l**2 + 3. Let u be (5 - (6 + -2))*3. Let s be b(u). Is 3/(-6)*2 - s composite?
False
Let m = 11304 - 7021. Is m prime?
True
Let j = -233 + 240. Let x(b) = 2*b**3 - 4*b**2 - 4*b + 12. Let t(o) = -2*o**3 + 5*o**2 + 3*o - 13. Let n(l) = 5*t(l) + 6*x(l). Is n(j) a composite number?
True
Suppose 2*b - 7 = -3. Suppose -b*l + 184 = 2*l. Let m = l - 27. Is m composite?
False
Suppose h = l, -5*h = 5*l - h - 9. Let q be 33 - (-1)/(l/2). Let w = q - -20. Is w prime?
False
Let u(k) = -105*k + 20. Let v(q) = -21*q + 4. Let h(f) = -4*u(f) + 22*v(f). Let y(b) = 28*b - 5. Let n(r) = -5*h(r) - 7*y(r). Is n(12) a composite number?
False
Let n(m) = 2*m**2 - 4*m - 5. Let p be n(4). Let b(v) = 302*v + 49. Is b(p) composite?
False
Let u(f) = -f**2 + 8*f - 2. Let d be u(7). Suppose -3*a - 699 = -3*r - 0*r, 4*r - 930 = d*a. Let s = 396 - r. Is s composite?
True
Suppose 15*d = 58065 + 715020. Is d a prime number?
True
Suppose -4*v = t - 565, 0 = 5*t - 3*v - 0*v - 2779. Is t a prime number?
True
Let y = 322 - 203. Let x = y + 1080. Is x prime?
False
Suppose -5*l + 869 + 60484 = -3*u, l - 5*u - 12253 = 0. Is l a composite number?
True
Let w(c) = 2*c**2 + 3*c - 10. Suppose -a - a = 8. Let n be w(a). Is (-286)/(-4) + (-5)/n a composite number?
False
Suppose 0 = -4*u - 5*o - 2568, -u + o = -4*u - 1915. Let r(y) = -427*y - 3. Let j be r(-3). Let a = u + j. Is a a composite number?
False
Let c(m) = m**3 - 4*m**2 + 9*m - 5. Let t = -5 - -2. Let o be t/6*(-2 - 10). Is c(o) a composite number?
True
Suppose -1 + 10 = 3*n. Suppose -n*d = d + 4*z - 24, 0 = -2*d - z + 9. Suppose f - 296 = d*x, -f + 183 + 118 = 2*x. Is f a prime number?
False
Suppose 15*z = 38*z - 567295. Is z composite?
True
Suppose -4*b = 5*q + 42, -3*q - 2 + 36 = -5*b. Let i(t) = -2*t + 5. Let x be i(4). Is (-86)/x*(-12)/b composite?
False
Suppose -d = 3*d - 2480. Suppose -2*x = 2*x + d. Let r = 346 + x. Is r a prime number?
True
Let d = 3113 + 1938. Is d a prime number?
True
Suppose -364 = -19*b + 5*b. Is 1166/18 - b/(-117) prime?
False
Let m = 8562 - 4049. Is m a composite number?
Fal